{"id":57,"date":"2026-04-02T13:30:39","date_gmt":"2026-04-02T13:30:39","guid":{"rendered":"https:\/\/fixaroma.com.br\/?post_type=product&#038;p=57"},"modified":"2026-04-02T13:30:39","modified_gmt":"2026-04-02T13:30:39","slug":"perfume-lattafa-yara-moi-eau-de-parfum-feminino-100ml","status":"publish","type":"product","link":"https:\/\/fixaroma.com.br\/index.php\/produto\/perfume-lattafa-yara-moi-eau-de-parfum-feminino-100ml\/","title":{"rendered":"Perfume Lattafa Yara Moi Eau de Parfum Feminino 100ML"},"content":{"rendered":"<p data-start=\"318\" data-end=\"540\">O Yara Moi \u00e9 um perfume feminino doce, cremoso e envolvente \u2014 com um toque sofisticado que foge do \u00f3bvio. Uma fragr\u00e2ncia que combina frutas, gourmand e notas amadeiradas, criando um aroma marcante e extremamente agrad\u00e1vel.<\/p>\n<hr data-start=\"542\" data-end=\"545\" \/>\n<h3 data-section-id=\"r4eq0i\" data-start=\"547\" data-end=\"581\">\u26a1 Por que escolher o Yara Moi?<\/h3>\n<ul data-start=\"583\" data-end=\"772\">\n<li data-section-id=\"t2pqxw\" data-start=\"583\" data-end=\"624\">Perfume doce elegante (n\u00e3o enjoativo)<\/li>\n<li data-section-id=\"1prqpdx\" data-start=\"625\" data-end=\"655\">Aroma cremoso e envolvente<\/li>\n<li data-section-id=\"wxzvfg\" data-start=\"656\" data-end=\"720\">Excelente para quem gosta de fragr\u00e2ncias femininas marcantes<\/li>\n<li data-section-id=\"1i4w7md\" data-start=\"721\" data-end=\"746\">\u00d3timo custo-benef\u00edcio<\/li>\n<li data-section-id=\"ewuqrs\" data-start=\"747\" data-end=\"772\">Muito elogiado no uso<\/li>\n<\/ul>\n<hr data-start=\"774\" data-end=\"777\" \/>\n<h3 data-section-id=\"9uv4zr\" data-start=\"779\" data-end=\"803\">\ud83c\udf3f Pir\u00e2mide Olfativa<\/h3>\n<p data-start=\"805\" data-end=\"925\"><strong data-start=\"805\" data-end=\"823\">Notas de Topo:<\/strong> P\u00eassego e Jasmim<br data-start=\"840\" data-end=\"843\" \/><strong data-start=\"843\" data-end=\"864\">Notas de Cora\u00e7\u00e3o:<\/strong> Caramelo e \u00c2mbar<br data-start=\"881\" data-end=\"884\" \/><strong data-start=\"884\" data-end=\"903\">Notas de Fundo:<\/strong> Patchouli e S\u00e2ndalo<\/p>\n<p data-start=\"927\" data-end=\"1029\">\u27a1 Resultado: um perfume <strong data-start=\"951\" data-end=\"1005\">doce ambarado com toque frutado e fundo amadeirado<\/strong>, sensual e confort\u00e1vel.<\/p>\n<hr data-start=\"1031\" data-end=\"1034\" \/>\n<h3 data-section-id=\"17iun6e\" data-start=\"1036\" data-end=\"1058\">\ud83d\udc8e Caracter\u00edsticas<\/h3>\n<ul data-start=\"1060\" data-end=\"1155\">\n<li data-section-id=\"h6b72d\" data-start=\"1060\" data-end=\"1078\">Marca: Lattafa<\/li>\n<li data-section-id=\"15j5gyw\" data-start=\"1079\" data-end=\"1099\">G\u00eanero: Feminino<\/li>\n<li data-section-id=\"7kvwy1\" data-start=\"1100\" data-end=\"1137\">Concentra\u00e7\u00e3o: Eau de Parfum (EDP)<\/li>\n<li data-section-id=\"pe9jmy\" data-start=\"1138\" data-end=\"1155\">Volume: 100ML<\/li>\n<\/ul>\n<hr data-start=\"1157\" data-end=\"1160\" \/>\n<h3 data-section-id=\"fszu8v\" data-start=\"1162\" data-end=\"1181\">\ud83c\udfaf Quando usar?<\/h3>\n<p data-start=\"1183\" data-end=\"1194\">Ideal para:<\/p>\n<p data-start=\"1196\" data-end=\"1291\">\u2714 Noites<br data-start=\"1204\" data-end=\"1207\" \/>\u2714 Encontros<br data-start=\"1218\" data-end=\"1221\" \/>\u2714 Clima ameno ou frio<br data-start=\"1242\" data-end=\"1245\" \/>\u2714 Quem gosta de perfumes doces e envolventes<\/p>\n<hr data-start=\"1293\" data-end=\"1296\" \/>\n<h3 data-section-id=\"1pu7zv9\" data-start=\"1298\" data-end=\"1327\">\ud83d\udce6 Informa\u00e7\u00f5es adicionais<\/h3>\n<ul data-start=\"1329\" data-end=\"1415\">\n<li data-section-id=\"c2h2kl\" data-start=\"1329\" data-end=\"1359\">Produto original e lacrado<\/li>\n<li data-section-id=\"jju35h\" data-start=\"1360\" data-end=\"1386\">Boa fixa\u00e7\u00e3o e proje\u00e7\u00e3o<\/li>\n<li data-section-id=\"1bhx361\" data-start=\"1387\" data-end=\"1415\">Envio para todo o Brasil<\/li>\n<\/ul>\n","protected":false},"excerpt":{"rendered":"<p data-start=\"318\" data-end=\"540\">O Yara Moi \u00e9 um perfume feminino doce, cremoso e envolvente \u2014 com um toque sofisticado que foge do \u00f3bvio. Uma fragr\u00e2ncia que combina frutas, gourmand e notas amadeiradas, criando um aroma marcante e extremamente agrad\u00e1vel.<\/p>\n","protected":false},"featured_media":58,"comment_status":"open","ping_status":"closed","template":"","meta":[],"product_brand":[],"product_cat":[17],"product_tag":[],"class_list":{"0":"post-57","1":"product","2":"type-product","3":"status-publish","4":"has-post-thumbnail","6":"product_cat-feminino","8":"first","9":"instock","10":"shipping-taxable","11":"purchasable","12":"product-type-simple"},"yoast_head":"<!-- This site is optimized with the Yoast SEO plugin v27.3 - https:\/\/yoast.com\/product\/yoast-seo-wordpress\/ -->\n<title>Perfume Lattafa Yara Moi Eau de Parfum Feminino 100ML - FixAroma<\/title>\n<meta name=\"description\" content=\"Experimente o Perfume Lattafa Yara Moi Eau de Parfum Feminino 100ML e encante-se com sua fragr\u00e2ncia doce e envolvente. Adquira j\u00e1 o seu!\" \/>\n<meta name=\"robots\" content=\"index, follow, max-snippet:-1, max-image-preview:large, max-video-preview:-1\" \/>\n<link rel=\"canonical\" href=\"https:\/\/fixaroma.com.br\/index.php\/produto\/perfume-lattafa-yara-moi-eau-de-parfum-feminino-100ml\/\" \/>\n<meta property=\"og:locale\" content=\"pt_BR\" \/>\n<meta property=\"og:type\" content=\"article\" \/>\n<meta property=\"og:title\" content=\"Perfume Lattafa Yara Moi Eau de Parfum Feminino 100ML - FixAroma\" \/>\n<meta property=\"og:description\" content=\"Experimente o Perfume Lattafa Yara Moi Eau de Parfum Feminino 100ML e encante-se com sua fragr\u00e2ncia doce e envolvente. Adquira j\u00e1 o seu!\" \/>\n<meta property=\"og:url\" content=\"https:\/\/fixaroma.com.br\/index.php\/produto\/perfume-lattafa-yara-moi-eau-de-parfum-feminino-100ml\/\" \/>\n<meta property=\"og:site_name\" content=\"FixAroma\" \/>\n<meta property=\"og:image\" content=\"https:\/\/fixaroma.com.br\/wp-content\/uploads\/2026\/04\/7e270f1d34b46ec21756adddd8d4ba4aa4f0c3d7.webp\" \/>\n\t<meta property=\"og:image:width\" content=\"550\" \/>\n\t<meta property=\"og:image:height\" content=\"550\" \/>\n\t<meta property=\"og:image:type\" content=\"image\/webp\" \/>\n<meta name=\"twitter:card\" content=\"summary_large_image\" \/>\n<meta name=\"twitter:label1\" content=\"Est. tempo de leitura\" \/>\n\t<meta name=\"twitter:data1\" content=\"2 minutos\" \/>\n<script type=\"application\/ld+json\" class=\"yoast-schema-graph\">{\"@context\":\"https:\\\/\\\/schema.org\",\"@graph\":[{\"@type\":\"WebPage\",\"@id\":\"https:\\\/\\\/fixaroma.com.br\\\/index.php\\\/produto\\\/perfume-lattafa-yara-moi-eau-de-parfum-feminino-100ml\\\/\",\"url\":\"https:\\\/\\\/fixaroma.com.br\\\/index.php\\\/produto\\\/perfume-lattafa-yara-moi-eau-de-parfum-feminino-100ml\\\/\",\"name\":\"Perfume Lattafa Yara Moi Eau de Parfum Feminino 100ML - FixAroma\",\"isPartOf\":{\"@id\":\"https:\\\/\\\/fixaroma.com.br\\\/#website\"},\"primaryImageOfPage\":{\"@id\":\"https:\\\/\\\/fixaroma.com.br\\\/index.php\\\/produto\\\/perfume-lattafa-yara-moi-eau-de-parfum-feminino-100ml\\\/#primaryimage\"},\"image\":{\"@id\":\"https:\\\/\\\/fixaroma.com.br\\\/index.php\\\/produto\\\/perfume-lattafa-yara-moi-eau-de-parfum-feminino-100ml\\\/#primaryimage\"},\"thumbnailUrl\":\"https:\\\/\\\/fixaroma.com.br\\\/wp-content\\\/uploads\\\/2026\\\/04\\\/7e270f1d34b46ec21756adddd8d4ba4aa4f0c3d7.webp\",\"datePublished\":\"2026-04-02T13:30:39+00:00\",\"description\":\"Experimente o Perfume Lattafa Yara Moi Eau de Parfum Feminino 100ML e encante-se com sua fragr\u00e2ncia doce e envolvente. Adquira j\u00e1 o seu!\",\"breadcrumb\":{\"@id\":\"https:\\\/\\\/fixaroma.com.br\\\/index.php\\\/produto\\\/perfume-lattafa-yara-moi-eau-de-parfum-feminino-100ml\\\/#breadcrumb\"},\"inLanguage\":\"pt-BR\",\"potentialAction\":[{\"@type\":\"ReadAction\",\"target\":[\"https:\\\/\\\/fixaroma.com.br\\\/index.php\\\/produto\\\/perfume-lattafa-yara-moi-eau-de-parfum-feminino-100ml\\\/\"]}]},{\"@type\":\"ImageObject\",\"inLanguage\":\"pt-BR\",\"@id\":\"https:\\\/\\\/fixaroma.com.br\\\/index.php\\\/produto\\\/perfume-lattafa-yara-moi-eau-de-parfum-feminino-100ml\\\/#primaryimage\",\"url\":\"https:\\\/\\\/fixaroma.com.br\\\/wp-content\\\/uploads\\\/2026\\\/04\\\/7e270f1d34b46ec21756adddd8d4ba4aa4f0c3d7.webp\",\"contentUrl\":\"https:\\\/\\\/fixaroma.com.br\\\/wp-content\\\/uploads\\\/2026\\\/04\\\/7e270f1d34b46ec21756adddd8d4ba4aa4f0c3d7.webp\",\"width\":550,\"height\":550},{\"@type\":\"BreadcrumbList\",\"@id\":\"https:\\\/\\\/fixaroma.com.br\\\/index.php\\\/produto\\\/perfume-lattafa-yara-moi-eau-de-parfum-feminino-100ml\\\/#breadcrumb\",\"itemListElement\":[{\"@type\":\"ListItem\",\"position\":1,\"name\":\"In\u00edcio\",\"item\":\"https:\\\/\\\/fixaroma.com.br\\\/\"},{\"@type\":\"ListItem\",\"position\":2,\"name\":\"Loja\",\"item\":\"https:\\\/\\\/fixaroma.com.br\\\/index.php\\\/loja\\\/\"},{\"@type\":\"ListItem\",\"position\":3,\"name\":\"Perfume Lattafa Yara Moi Eau de Parfum Feminino 100ML\"}]},{\"@type\":\"WebSite\",\"@id\":\"https:\\\/\\\/fixaroma.com.br\\\/#website\",\"url\":\"https:\\\/\\\/fixaroma.com.br\\\/\",\"name\":\"FixAroma\",\"description\":\"Deixe seu rastro\",\"publisher\":{\"@id\":\"https:\\\/\\\/fixaroma.com.br\\\/#organization\"},\"potentialAction\":[{\"@type\":\"SearchAction\",\"target\":{\"@type\":\"EntryPoint\",\"urlTemplate\":\"https:\\\/\\\/fixaroma.com.br\\\/?s={search_term_string}\"},\"query-input\":{\"@type\":\"PropertyValueSpecification\",\"valueRequired\":true,\"valueName\":\"search_term_string\"}}],\"inLanguage\":\"pt-BR\"},{\"@type\":\"Organization\",\"@id\":\"https:\\\/\\\/fixaroma.com.br\\\/#organization\",\"name\":\"FixAroma\",\"url\":\"https:\\\/\\\/fixaroma.com.br\\\/\",\"logo\":{\"@type\":\"ImageObject\",\"inLanguage\":\"pt-BR\",\"@id\":\"https:\\\/\\\/fixaroma.com.br\\\/#\\\/schema\\\/logo\\\/image\\\/\",\"url\":\"https:\\\/\\\/fixaroma.com.br\\\/wp-content\\\/uploads\\\/2026\\\/04\\\/cropped-27135630-b68e-4c02-a346-bb725cec89fe-e1775134457552.png\",\"contentUrl\":\"https:\\\/\\\/fixaroma.com.br\\\/wp-content\\\/uploads\\\/2026\\\/04\\\/cropped-27135630-b68e-4c02-a346-bb725cec89fe-e1775134457552.png\",\"width\":173,\"height\":71,\"caption\":\"FixAroma\"},\"image\":{\"@id\":\"https:\\\/\\\/fixaroma.com.br\\\/#\\\/schema\\\/logo\\\/image\\\/\"}}]}<\/script>\n<!-- \/ Yoast SEO plugin. -->","yoast_head_json":{"title":"Perfume Lattafa Yara Moi Eau de Parfum Feminino 100ML - FixAroma","description":"Experimente o Perfume Lattafa Yara Moi Eau de Parfum Feminino 100ML e encante-se com sua fragr\u00e2ncia doce e envolvente. Adquira j\u00e1 o seu!","robots":{"index":"index","follow":"follow","max-snippet":"max-snippet:-1","max-image-preview":"max-image-preview:large","max-video-preview":"max-video-preview:-1"},"canonical":"https:\/\/fixaroma.com.br\/index.php\/produto\/perfume-lattafa-yara-moi-eau-de-parfum-feminino-100ml\/","og_locale":"pt_BR","og_type":"article","og_title":"Perfume Lattafa Yara Moi Eau de Parfum Feminino 100ML - FixAroma","og_description":"Experimente o Perfume Lattafa Yara Moi Eau de Parfum Feminino 100ML e encante-se com sua fragr\u00e2ncia doce e envolvente. Adquira j\u00e1 o seu!","og_url":"https:\/\/fixaroma.com.br\/index.php\/produto\/perfume-lattafa-yara-moi-eau-de-parfum-feminino-100ml\/","og_site_name":"FixAroma","og_image":[{"width":550,"height":550,"url":"https:\/\/fixaroma.com.br\/wp-content\/uploads\/2026\/04\/7e270f1d34b46ec21756adddd8d4ba4aa4f0c3d7.webp","type":"image\/webp"}],"twitter_card":"summary_large_image","twitter_misc":{"Est. tempo de leitura":"2 minutos"},"schema":{"@context":"https:\/\/schema.org","@graph":[{"@type":"WebPage","@id":"https:\/\/fixaroma.com.br\/index.php\/produto\/perfume-lattafa-yara-moi-eau-de-parfum-feminino-100ml\/","url":"https:\/\/fixaroma.com.br\/index.php\/produto\/perfume-lattafa-yara-moi-eau-de-parfum-feminino-100ml\/","name":"Perfume Lattafa Yara Moi Eau de Parfum Feminino 100ML - FixAroma","isPartOf":{"@id":"https:\/\/fixaroma.com.br\/#website"},"primaryImageOfPage":{"@id":"https:\/\/fixaroma.com.br\/index.php\/produto\/perfume-lattafa-yara-moi-eau-de-parfum-feminino-100ml\/#primaryimage"},"image":{"@id":"https:\/\/fixaroma.com.br\/index.php\/produto\/perfume-lattafa-yara-moi-eau-de-parfum-feminino-100ml\/#primaryimage"},"thumbnailUrl":"https:\/\/fixaroma.com.br\/wp-content\/uploads\/2026\/04\/7e270f1d34b46ec21756adddd8d4ba4aa4f0c3d7.webp","datePublished":"2026-04-02T13:30:39+00:00","description":"Experimente o Perfume Lattafa Yara Moi Eau de Parfum Feminino 100ML e encante-se com sua fragr\u00e2ncia doce e envolvente. Adquira j\u00e1 o seu!","breadcrumb":{"@id":"https:\/\/fixaroma.com.br\/index.php\/produto\/perfume-lattafa-yara-moi-eau-de-parfum-feminino-100ml\/#breadcrumb"},"inLanguage":"pt-BR","potentialAction":[{"@type":"ReadAction","target":["https:\/\/fixaroma.com.br\/index.php\/produto\/perfume-lattafa-yara-moi-eau-de-parfum-feminino-100ml\/"]}]},{"@type":"ImageObject","inLanguage":"pt-BR","@id":"https:\/\/fixaroma.com.br\/index.php\/produto\/perfume-lattafa-yara-moi-eau-de-parfum-feminino-100ml\/#primaryimage","url":"https:\/\/fixaroma.com.br\/wp-content\/uploads\/2026\/04\/7e270f1d34b46ec21756adddd8d4ba4aa4f0c3d7.webp","contentUrl":"https:\/\/fixaroma.com.br\/wp-content\/uploads\/2026\/04\/7e270f1d34b46ec21756adddd8d4ba4aa4f0c3d7.webp","width":550,"height":550},{"@type":"BreadcrumbList","@id":"https:\/\/fixaroma.com.br\/index.php\/produto\/perfume-lattafa-yara-moi-eau-de-parfum-feminino-100ml\/#breadcrumb","itemListElement":[{"@type":"ListItem","position":1,"name":"In\u00edcio","item":"https:\/\/fixaroma.com.br\/"},{"@type":"ListItem","position":2,"name":"Loja","item":"https:\/\/fixaroma.com.br\/index.php\/loja\/"},{"@type":"ListItem","position":3,"name":"Perfume Lattafa Yara Moi Eau de Parfum Feminino 100ML"}]},{"@type":"WebSite","@id":"https:\/\/fixaroma.com.br\/#website","url":"https:\/\/fixaroma.com.br\/","name":"FixAroma","description":"Deixe seu rastro","publisher":{"@id":"https:\/\/fixaroma.com.br\/#organization"},"potentialAction":[{"@type":"SearchAction","target":{"@type":"EntryPoint","urlTemplate":"https:\/\/fixaroma.com.br\/?s={search_term_string}"},"query-input":{"@type":"PropertyValueSpecification","valueRequired":true,"valueName":"search_term_string"}}],"inLanguage":"pt-BR"},{"@type":"Organization","@id":"https:\/\/fixaroma.com.br\/#organization","name":"FixAroma","url":"https:\/\/fixaroma.com.br\/","logo":{"@type":"ImageObject","inLanguage":"pt-BR","@id":"https:\/\/fixaroma.com.br\/#\/schema\/logo\/image\/","url":"https:\/\/fixaroma.com.br\/wp-content\/uploads\/2026\/04\/cropped-27135630-b68e-4c02-a346-bb725cec89fe-e1775134457552.png","contentUrl":"https:\/\/fixaroma.com.br\/wp-content\/uploads\/2026\/04\/cropped-27135630-b68e-4c02-a346-bb725cec89fe-e1775134457552.png","width":173,"height":71,"caption":"FixAroma"},"image":{"@id":"https:\/\/fixaroma.com.br\/#\/schema\/logo\/image\/"}}]}},"jetpack_sharing_enabled":true,"_links":{"self":[{"href":"https:\/\/fixaroma.com.br\/index.php\/wp-json\/wp\/v2\/product\/57","targetHints":{"allow":["GET"]}}],"collection":[{"href":"https:\/\/fixaroma.com.br\/index.php\/wp-json\/wp\/v2\/product"}],"about":[{"href":"https:\/\/fixaroma.com.br\/index.php\/wp-json\/wp\/v2\/types\/product"}],"replies":[{"embeddable":true,"href":"https:\/\/fixaroma.com.br\/index.php\/wp-json\/wp\/v2\/comments?post=57"}],"wp:featuredmedia":[{"embeddable":true,"href":"https:\/\/fixaroma.com.br\/index.php\/wp-json\/wp\/v2\/media\/58"}],"wp:attachment":[{"href":"https:\/\/fixaroma.com.br\/index.php\/wp-json\/wp\/v2\/media?parent=57"}],"wp:term":[{"taxonomy":"product_brand","embeddable":true,"href":"https:\/\/fixaroma.com.br\/index.php\/wp-json\/wp\/v2\/product_brand?post=57"},{"taxonomy":"product_cat","embeddable":true,"href":"https:\/\/fixaroma.com.br\/index.php\/wp-json\/wp\/v2\/product_cat?post=57"},{"taxonomy":"product_tag","embeddable":true,"href":"https:\/\/fixaroma.com.br\/index.php\/wp-json\/wp\/v2\/product_tag?post=57"}],"curies":[{"name":"wp","href":"https:\/\/api.w.org\/{rel}","templated":true}]}}